{"id":6,"date":"2019-06-07T17:02:39","date_gmt":"2019-06-07T17:02:39","guid":{"rendered":"http:\/\/klemenshippel.com\/?page_id=6"},"modified":"2024-03-19T09:15:49","modified_gmt":"2024-03-19T09:15:49","slug":"uebersicht","status":"publish","type":"page","link":"https:\/\/klemenshippel.com\/?page_id=6","title":{"rendered":"Klassik &#8211; Texte &#8211; Redaktion"},"content":{"rendered":"\n<div class=\"wp-block-media-text alignwide\"><figure class=\"wp-block-media-text__media\"><img decoding=\"async\" src=\"https:\/\/klemenshippel.com\/wp-content\/uploads\/2019\/06\/Dr.-Klemens-Hippel-e1559930124987.jpg\" alt=\"\" class=\"wp-image-32 size-full\"\/><\/figure><div class=\"wp-block-media-text__content\">\n<h3 class=\"wp-block-heading has-text-align-left\">Dr. Klemens Hippel,<br>Musikjournalist<\/h3>\n\n\n\n<p>Redakteur bei:<br>Das Theatermagazin<br>Fono Forum<br>Partituren<\/p>\n\n\n\n<p>Texte u.a. f\u00fcr:<br>Applaus, Class aktuell, concerti, cresecendo, Das Orchester, KlassikAkzente, Musik-Brockhaus, Neue Musikzeitung, Stereo, Toccata <\/p>\n<\/div><\/div>\n\n\n\n<p><\/p>\n\n\n\n<p>Programmhefttexte u.a. f\u00fcr Bamberger Symphoniker, Berliner Philharmoniker, Elbphilharmonie, Festival Musica Mallorca, Festspielhaus Baden-Baden, Herrenchiemsee Festspiele, Konzerthaus Berlin, Musikfest Hamburg, Styriarte-Festival<\/p>\n\n\n\n<p>Booklettexte\nf\u00fcr Arts Music, edel records, Farao Classics, Philips Classics,\nSalzburger Festspiele<\/p>\n\n\n\n<p>Interviews u.a. mit:<br>Pierre-Laurent Aimard, Piotr Anderszewski, Diego Ares, Artemis Quartett, Avi Avital, Benjamin Bagby, Daniel Barenboim, Berliner Barock Solisten, Sharon Bezaly, Herbert Blomstedt, Montserrat Caball\u00e9, Claudio Cavina, Riccardo Chailly, William Christie, Cuarteto Casals, Diana Damrau, Annette Dasch, Helmut Deutsch, Joyce DiDonato, Maxim Emelyanychev, Emerson String Quartet, Julia Fischer, Iv\u00e1n Fischer, Jan Freiheit, James Galway, Vivica Genaux, Alban Gerhardt, Reinhard Goebel, Susan Graham, H\u00e9l\u00e8ne Grimaud, Alexander Grychtolik, Enoch zu Guttenberg, Hilary Hahn, Emmanuelle Haim, Simon Halsey, Marc-Andr\u00e9 Hamelin, Nikolaus Harnoncourt, Thomas Hengelbrock, Philippe Herreweghe, Hilliard Ensemble, Daniel Hope, Sunhae Im, Mariss Jansons, Ren\u00e9 Jacobs, Leila Josefowicz, Konrad Jungh\u00e4nel, Joachim Kaiser, Vesselina Kasarova, Wolfgang Katschner, Simone Kermes, Angelika Kirchschlager, Roman Kofman, Michael Korstick, Gustav Kuhn, Sigiswald Kuijken, Lang Lang, Gunar Letzbor, Walter Levin, Yo-Yo Ma, Marina Mahler, Andrew Manze, Albrecht Mayer, Hellmuth Matiassek, Bejun Mehta, Modern String Quartet, Gabriela Montero, Anne-Sophie Mutter, Anna Netrebko, John Neumeier, Dorothee Oberlinger, Emmanuel Pahud, Marlis Petersen, Murray Perahia, Hille Perl, Gitti Pirner, Menachem Pressler, Thomas Quasthoff, Hans-Christoph Rademann, Aribert Reimann, Matthias Rexroth, Peter Sadlo, Yutaka Sado, Sven-David Sandstr\u00f6m, Jordi Savall, Andreas Scholl, Midori Seiler, Christoph Spering, Andreas Staier, Maurice Steger, Masaaki Suzuki, Trio Parnassus, Thomas Quasthoff, Rolando Villaz\u00f3n, Arcadi Volodos, Bruno Weil, J\u00f6rg Widmann, Christian Zacharias, Lothar Zagrosek<\/p>\n","protected":false},"excerpt":{"rendered":"<p>Dr. Klemens Hippel,Musikjournalist Redakteur bei:Das TheatermagazinFono ForumPartituren Texte u.a. f\u00fcr:Applaus, Class aktuell, concerti, cresecendo, Das Orchester, KlassikAkzente, Musik-Brockhaus, Neue Musikzeitung, Stereo, Toccata Programmhefttexte u.a. f\u00fcr Bamberger Symphoniker, Berliner Philharmoniker, Elbphilharmonie, Festival Musica Mallorca, Festspielhaus Baden-Baden, Herrenchiemsee Festspiele, Konzerthaus Berlin, Musikfest Hamburg, Styriarte-Festival Booklettexte f\u00fcr Arts Music, edel records, Farao Classics, Philips Classics, Salzburger Festspiele Interviews [&hellip;]<\/p>\n","protected":false},"author":1,"featured_media":0,"parent":0,"menu_order":0,"comment_status":"closed","ping_status":"closed","template":"","meta":{"footnotes":""},"class_list":["post-6","page","type-page","status-publish","hentry","has-post-thumbnail"],"yoast_head":"<!-- This site is optimized with the Yoast SEO plugin v27.3 - https:\/\/yoast.com\/product\/yoast-seo-wordpress\/ -->\n<title>Klassik - Texte - Redaktion - Klemens Hippel<\/title>\n<meta name=\"robots\" content=\"index, follow, max-snippet:-1, max-image-preview:large, max-video-preview:-1\" \/>\n<link rel=\"canonical\" href=\"https:\/\/klemenshippel.com\/?page_id=6\" \/>\n<meta property=\"og:locale\" content=\"de_DE\" \/>\n<meta property=\"og:type\" content=\"article\" \/>\n<meta property=\"og:title\" content=\"Klassik - Texte - Redaktion - Klemens Hippel\" \/>\n<meta property=\"og:description\" content=\"Dr. Klemens Hippel,Musikjournalist Redakteur bei:Das TheatermagazinFono ForumPartituren Texte u.a. f\u00fcr:Applaus, Class aktuell, concerti, cresecendo, Das Orchester, KlassikAkzente, Musik-Brockhaus, Neue Musikzeitung, Stereo, Toccata Programmhefttexte u.a. f\u00fcr Bamberger Symphoniker, Berliner Philharmoniker, Elbphilharmonie, Festival Musica Mallorca, Festspielhaus Baden-Baden, Herrenchiemsee Festspiele, Konzerthaus Berlin, Musikfest Hamburg, Styriarte-Festival Booklettexte f\u00fcr Arts Music, edel records, Farao Classics, Philips Classics, Salzburger Festspiele Interviews [&hellip;]\" \/>\n<meta property=\"og:url\" content=\"https:\/\/klemenshippel.com\/?page_id=6\" \/>\n<meta property=\"og:site_name\" content=\"Klemens Hippel\" \/>\n<meta property=\"article:modified_time\" content=\"2024-03-19T09:15:49+00:00\" \/>\n<meta property=\"og:image\" content=\"https:\/\/klemenshippel.com\/wp-content\/uploads\/2019\/06\/Dr.-Klemens-Hippel-e1559930124987.jpg\" \/>\n<meta name=\"twitter:card\" content=\"summary_large_image\" \/>\n<meta name=\"twitter:label1\" content=\"Gesch\u00e4tzte Lesezeit\" \/>\n\t<meta name=\"twitter:data1\" content=\"2\u00a0Minuten\" \/>\n<script type=\"application\/ld+json\" class=\"yoast-schema-graph\">{\"@context\":\"https:\\\/\\\/schema.org\",\"@graph\":[{\"@type\":\"WebPage\",\"@id\":\"https:\\\/\\\/klemenshippel.com\\\/?page_id=6\",\"url\":\"https:\\\/\\\/klemenshippel.com\\\/?page_id=6\",\"name\":\"Klassik - Texte - Redaktion - Klemens Hippel\",\"isPartOf\":{\"@id\":\"https:\\\/\\\/klemenshippel.com\\\/#website\"},\"primaryImageOfPage\":{\"@id\":\"https:\\\/\\\/klemenshippel.com\\\/?page_id=6#primaryimage\"},\"image\":{\"@id\":\"https:\\\/\\\/klemenshippel.com\\\/?page_id=6#primaryimage\"},\"thumbnailUrl\":\"https:\\\/\\\/klemenshippel.com\\\/wp-content\\\/uploads\\\/2019\\\/06\\\/Dr.-Klemens-Hippel-e1559930124987.jpg\",\"datePublished\":\"2019-06-07T17:02:39+00:00\",\"dateModified\":\"2024-03-19T09:15:49+00:00\",\"breadcrumb\":{\"@id\":\"https:\\\/\\\/klemenshippel.com\\\/?page_id=6#breadcrumb\"},\"inLanguage\":\"de\",\"potentialAction\":[{\"@type\":\"ReadAction\",\"target\":[\"https:\\\/\\\/klemenshippel.com\\\/?page_id=6\"]}]},{\"@type\":\"ImageObject\",\"inLanguage\":\"de\",\"@id\":\"https:\\\/\\\/klemenshippel.com\\\/?page_id=6#primaryimage\",\"url\":\"https:\\\/\\\/klemenshippel.com\\\/wp-content\\\/uploads\\\/2019\\\/06\\\/Dr.-Klemens-Hippel-e1560965739747.jpg\",\"contentUrl\":\"https:\\\/\\\/klemenshippel.com\\\/wp-content\\\/uploads\\\/2019\\\/06\\\/Dr.-Klemens-Hippel-e1560965739747.jpg\",\"width\":362,\"height\":362},{\"@type\":\"BreadcrumbList\",\"@id\":\"https:\\\/\\\/klemenshippel.com\\\/?page_id=6#breadcrumb\",\"itemListElement\":[{\"@type\":\"ListItem\",\"position\":1,\"name\":\"Startseite\",\"item\":\"https:\\\/\\\/klemenshippel.com\\\/\"},{\"@type\":\"ListItem\",\"position\":2,\"name\":\"Klassik &#8211; Texte &#8211; Redaktion\"}]},{\"@type\":\"WebSite\",\"@id\":\"https:\\\/\\\/klemenshippel.com\\\/#website\",\"url\":\"https:\\\/\\\/klemenshippel.com\\\/\",\"name\":\"Klemens Hippel\",\"description\":\"Klassik - Texte - Redaktion\",\"potentialAction\":[{\"@type\":\"SearchAction\",\"target\":{\"@type\":\"EntryPoint\",\"urlTemplate\":\"https:\\\/\\\/klemenshippel.com\\\/?s={search_term_string}\"},\"query-input\":{\"@type\":\"PropertyValueSpecification\",\"valueRequired\":true,\"valueName\":\"search_term_string\"}}],\"inLanguage\":\"de\"}]}<\/script>\n<!-- \/ Yoast SEO plugin. -->","yoast_head_json":{"title":"Klassik - Texte - Redaktion - Klemens Hippel","robots":{"index":"index","follow":"follow","max-snippet":"max-snippet:-1","max-image-preview":"max-image-preview:large","max-video-preview":"max-video-preview:-1"},"canonical":"https:\/\/klemenshippel.com\/?page_id=6","og_locale":"de_DE","og_type":"article","og_title":"Klassik - Texte - Redaktion - Klemens Hippel","og_description":"Dr. Klemens Hippel,Musikjournalist Redakteur bei:Das TheatermagazinFono ForumPartituren Texte u.a. f\u00fcr:Applaus, Class aktuell, concerti, cresecendo, Das Orchester, KlassikAkzente, Musik-Brockhaus, Neue Musikzeitung, Stereo, Toccata Programmhefttexte u.a. f\u00fcr Bamberger Symphoniker, Berliner Philharmoniker, Elbphilharmonie, Festival Musica Mallorca, Festspielhaus Baden-Baden, Herrenchiemsee Festspiele, Konzerthaus Berlin, Musikfest Hamburg, Styriarte-Festival Booklettexte f\u00fcr Arts Music, edel records, Farao Classics, Philips Classics, Salzburger Festspiele Interviews [&hellip;]","og_url":"https:\/\/klemenshippel.com\/?page_id=6","og_site_name":"Klemens Hippel","article_modified_time":"2024-03-19T09:15:49+00:00","og_image":[{"url":"https:\/\/klemenshippel.com\/wp-content\/uploads\/2019\/06\/Dr.-Klemens-Hippel-e1559930124987.jpg","type":"","width":"","height":""}],"twitter_card":"summary_large_image","twitter_misc":{"Gesch\u00e4tzte Lesezeit":"2\u00a0Minuten"},"schema":{"@context":"https:\/\/schema.org","@graph":[{"@type":"WebPage","@id":"https:\/\/klemenshippel.com\/?page_id=6","url":"https:\/\/klemenshippel.com\/?page_id=6","name":"Klassik - Texte - Redaktion - Klemens Hippel","isPartOf":{"@id":"https:\/\/klemenshippel.com\/#website"},"primaryImageOfPage":{"@id":"https:\/\/klemenshippel.com\/?page_id=6#primaryimage"},"image":{"@id":"https:\/\/klemenshippel.com\/?page_id=6#primaryimage"},"thumbnailUrl":"https:\/\/klemenshippel.com\/wp-content\/uploads\/2019\/06\/Dr.-Klemens-Hippel-e1559930124987.jpg","datePublished":"2019-06-07T17:02:39+00:00","dateModified":"2024-03-19T09:15:49+00:00","breadcrumb":{"@id":"https:\/\/klemenshippel.com\/?page_id=6#breadcrumb"},"inLanguage":"de","potentialAction":[{"@type":"ReadAction","target":["https:\/\/klemenshippel.com\/?page_id=6"]}]},{"@type":"ImageObject","inLanguage":"de","@id":"https:\/\/klemenshippel.com\/?page_id=6#primaryimage","url":"https:\/\/klemenshippel.com\/wp-content\/uploads\/2019\/06\/Dr.-Klemens-Hippel-e1560965739747.jpg","contentUrl":"https:\/\/klemenshippel.com\/wp-content\/uploads\/2019\/06\/Dr.-Klemens-Hippel-e1560965739747.jpg","width":362,"height":362},{"@type":"BreadcrumbList","@id":"https:\/\/klemenshippel.com\/?page_id=6#breadcrumb","itemListElement":[{"@type":"ListItem","position":1,"name":"Startseite","item":"https:\/\/klemenshippel.com\/"},{"@type":"ListItem","position":2,"name":"Klassik &#8211; Texte &#8211; Redaktion"}]},{"@type":"WebSite","@id":"https:\/\/klemenshippel.com\/#website","url":"https:\/\/klemenshippel.com\/","name":"Klemens Hippel","description":"Klassik - Texte - Redaktion","potentialAction":[{"@type":"SearchAction","target":{"@type":"EntryPoint","urlTemplate":"https:\/\/klemenshippel.com\/?s={search_term_string}"},"query-input":{"@type":"PropertyValueSpecification","valueRequired":true,"valueName":"search_term_string"}}],"inLanguage":"de"}]}},"_links":{"self":[{"href":"https:\/\/klemenshippel.com\/index.php?rest_route=\/wp\/v2\/pages\/6","targetHints":{"allow":["GET"]}}],"collection":[{"href":"https:\/\/klemenshippel.com\/index.php?rest_route=\/wp\/v2\/pages"}],"about":[{"href":"https:\/\/klemenshippel.com\/index.php?rest_route=\/wp\/v2\/types\/page"}],"author":[{"embeddable":true,"href":"https:\/\/klemenshippel.com\/index.php?rest_route=\/wp\/v2\/users\/1"}],"replies":[{"embeddable":true,"href":"https:\/\/klemenshippel.com\/index.php?rest_route=%2Fwp%2Fv2%2Fcomments&post=6"}],"version-history":[{"count":25,"href":"https:\/\/klemenshippel.com\/index.php?rest_route=\/wp\/v2\/pages\/6\/revisions"}],"predecessor-version":[{"id":190,"href":"https:\/\/klemenshippel.com\/index.php?rest_route=\/wp\/v2\/pages\/6\/revisions\/190"}],"wp:attachment":[{"href":"https:\/\/klemenshippel.com\/index.php?rest_route=%2Fwp%2Fv2%2Fmedia&parent=6"}],"curies":[{"name":"wp","href":"https:\/\/api.w.org\/{rel}","templated":true}]}}